hat is the remainder when 264690 is divided by 22?
8
Calculate the remainder when 2541 is divided by 424.
421
Calculate the remainder when 1978 is divided by 242.
42
Calculate the remainder when 19970 is divided by 67.
4
What is the remainder when 18551 is divided by 81?
2
What is the remainder when 8327 is divided by 13?
7
Calculate the remainder when 2746 is divided by 22.
18
What is the remainder when 14799 is divided by 529?
516
Calculate the remainder when 55517 is divided by 196.
49
What is the remainder when 2847 is divided by 1096?
655
What is the remainder when 1333 is divided by 48?
37
What is the remainder when 6350 is divided by 343?
176
What is the remainder when 610279 is divided by 31?
13
Calculate the remainder when 198844 is divided by 66273.
25
Calculate the remainder when 2049 is divided by 173.
146
Calculate the remainder when 128998 is divided by 970.
958
Calculate the remainder when 11380 is divided by 127.
77
What is the remainder when 1347 is divided by 25?
22
Calculate the remainder when 122480 is divided by 85.
80
Calculate the remainder when 14727 is divided by 49.
27
What is the remainder when 4583 is divided by 182?
33
What is the remainder when 65996 is divided by 5987?
139
Calculate the remainder when 18866 is divided by 199.
160
Calculate the remainder when 2659 is divided by 368.
83
What is the remainder when 1195 is divided by 159?
82
What is the remainder when 63880 is divided by 21293?
1
Calculate the remainder when 27066 is divided by 381.
15
What is the remainder when 11258 is divided by 492?
434
What is the remainder when 1120 is divided by 308?
196
What is the remainder when 25899 is divided by 18?
15
Calculate the remainder when 657438 is divided by 20.
18
What is the remainder when 282972 is divided by 175?
172
What is the remainder when 6053 is divided by 215?
33
Calculate the remainder when 859 is divided by 443.
416
What is the remainder when 822778 is divided by 63?
61
Calculate the remainder when 1360133 is divided by 291.
290
Calculate the remainder when 595150 is divided by 48.
46
What is the remainder when 93685 is divided by 152?
53
What is the remainder when 55775 is divided by 961?
37
Calculate the remainder when 488190 is divided by 78.
66
What is the remainder when 5063 is divided by 65?
58
Calculate the remainder when 5013 is divided by 15.
3
What is the remainder when 3715 is divided by 919?
39
Calculate the remainder when 44766 is divided by 4968.
54
Calculate the remainder when 7191 is divided by 1523.
1099
What is the remainder when 12631 is divided by 35?
31
Calculate the remainder when 139442 is divided by 996.
2
What is the remainder when 6337 is divided by 134?
39
What is the remainder when 10818 is divided by 383?
94
Calculate the remainder when 1510 is divided by 40.
30
Calculate the remainder when 25088 is divided by 897.
869
What is the remainder when 664463 is divided by 24?
23
Calculate the remainder when 10265 is divided by 32.
25
What is the remainder when 20077 is divided by 956?
1
Calculate the remainder when 1900 is divided by 162.
118
Calculate the remainder when 84607 is divided by 235.
7
What is the remainder when 3642 is divided by 146?
138
Calculate the remainder when 50335 is divided by 16762.
49
Calculate the remainder when 25691 is divided by 1284.
11
Calculate the remainder when 7769 is divided by 1894.
193
What is the remainder when 379073 is divided by 137?
131
What is the remainder when 781892 is divided by 167?
165
What is the remainder when 4087 is divided by 151?
10
Calculate the remainder when 210 is divided by 27.
21
Calculate the remainder when 2141 is divided by 277.
202
Calculate the remainder when 131805 is divided by 49.
44
Calculate the remainder when 263702 is divided by 183.
182
What is the remainder when 270417 is divided by 57?
9
What is the remainder when 35582 is divided by 60?
2
Calculate the remainder when 3763 is divided by 216.
91
What is the remainder when 635357 is divided by 304?
301
What is the remainder when 1323 is divided by 251?
68
Calculate the remainder when 20049 is divided by 186.
147
Calculate the remainder when 34494 is divided by 11419.
237
What is the remainder when 7756 is divided by 237?
172
What is the remainder when 6180 is divided by 187?
9
What is the remainder when 23777 is divided by 27?
17
What is the remainder when 7496 is divided by 238?
118
Calculate the remainder when 652004 is divided by 99.
89
What is the remainder when 66544 is divided by 131?
127
What is the remainder when 17387 is divided by 91?
6
What is the remainder when 17886 is divided by 54?
12
What is the remainder when 18846 is divided by 485?
416
What is the remainder when 8181 is divided by 263?
28
What is the remainder when 11344 is divided by 7?
4
What is the remainder when 2064 is divided by 392?
104
Calculate the remainder when 329 is divided by 230.
99
What is the remainder when 418 is divided by 95?
38
Calculate the remainder when 145462 is divided by 319.
317
What is the remainder when 173993 is divided by 173993?
0
What is the remainder when 33445 is divided by 423?
28
Calculate the remainder when 1776 is divided by 99.
93
Calculate the remainder when 13895 is divided by 156.
11
Calculate the remainder when 2904 is divided by 194.
188
Calculate the remainder when 1809 is divided by 86.
3
Calculate the remainder when 92874 is divided by 15478.
6
Calculate the remainder when 16384 is divided by 122.
36
Calculate the remainder when 1960 is divided by 96.
40
What is the remainder when 1585 is divided by 89?
72
Calculate the remainder when 24711 is divided by 18.
15
What is the remainder when 1490947 is divided by 146?
141
Calculate the remainder when 3259 is divided by 265.
79
Calculate the remainder when 5912 is divided by 359.
168
Calculate the remainder when 763194 is divided by 1325.
1319
What is the remainder when 764 is divided by 21?
8
Calculate the remainder when 711584 is divided by 15.
14
Calculate the remainder when 9444 is divided by 96.
36
Calculate the remainder when 28726 is divided by 291.
208
What is the remainder when 8858 is divided by 8784?
74
Calculate the remainder when 306199 is divided by 19.
14
What is the remainder when 43263 is divided by 204?
15
What is the remainder when 146548 is divided by 1221?
28
What is the remainder when 19772 is divided by 3699?
1277
What is the remainder when 7858 is divided by 167?
9
What is the remainder when 130348 is divided by 1669?
166
Calculate the remainder when 79393 is divided by 165.
28
What is the remainder when 3773835 is divided by 862?
861
Calculate the remainder when 2929 is divided by 732.
1
Calculate the remainder when 102197 is divided by 57.
53
Calculate the remainder when 3565 is divided by 90.
55
What is the remainder when 84009 is divided by 57?
48
What is the remainder when 7066 is divided by 196?
10
Calculate the remainder when 223171 is divided by 22315.
21
Calculate the remainder when 237894 is divided by 79289.
27
Calculate the remainder when 16635 is divided by 260.
255
What is the remainder when 313885 is divided by 202?
179
Calculate the remainder when 598057 is divided by 49837.
13
What is the remainder when 16926 is divided by 5634?
24
Calculate the remainder when 78393 is divided by 175.
168
Calculate the remainder when 20587 is divided by 208.
203
Calculate the remainder when 9146 is divided by 18.
2
Calculate the remainder when 708 is divided by 707.
1
Calculate the remainder when 125042 is divided by 196.
190
What is the remainder when 11822 is divided by 11?
8
What is the remainder when 2194 is divided by 112?
66
What is the remainder when 33982 is divided by 16973?
36
Calculate the remainder when 20144 is divided by 1830.
14
Calculate the remainder when 30130 is divided by 15060.
10
What is the remainder when 921583 is divided by 16?
15
Calculate the remainder when 23221 is divided by 11502.
217
What is the remainder when 102090 is divided by 498?
0
Calculate the remainder when 1606463 is divided by 395.
393
What is the remainder when 21840 is divided by 7254?
78
Calculate the remainder when 70066 is divided by 455.
451
Calculate the remainder when 257694 is divided by 188.
134
What is the remainder when 27226 is divided by 108?
10
What is the 